re the prime factors of r(3)?
37
Suppose 2*b = -4*q + 2 + 6, 3*b - q = -9. Let y be (1 - 2)*6/b. Suppose -y*s = s - 32. What are the prime factors of s?
2
Let a(r) = 2*r**3 - 32*r**2 - 28*r - 84. Let u be a(17). Suppose 0 = -5*n + 56 + 29. Let h = n + u. What are the prime factors of h?
5, 7
Suppose 3*b - 4*b = -8. Suppose -b = -w + 5*v + 27, -v + 3 = 0. List the prime factors of w.
2, 5
Let m(k) = k + 594 - 297 - 11*k - 294. Suppose 4*z = z - 18. List the prime factors of m(z).
3, 7
Let d = -17764 + 22478. What are the prime factors of d?
2, 2357
Let o(g) = g**3 + 6*g**2 - 10*g - 70. Let q be o(-5). Suppose 3*m = q*u - 408, 4 = 3*m - 7*m. List the prime factors of u.
3
List the prime factors of (-4099233)/(-645) + 3/5.
2, 7, 227
Suppose 5*h + 26 = 21. Suppose 4*v - 72 = 3*v. List the prime factors of v/(-18) + (-71)/h.
67
Suppose u - 65 = -32. Let p = u - 46. List the prime factors of 1/2 + (-5)/10*p.
7
Let v(j) = 2*j**2 + 5 - 9 - 7 - 23*j. What are the prime factors of v(-9)?
2, 179
Suppose -5*g - 10512 = -11*g. Let o = -1216 + g. What are the prime factors of o?
2, 67
List the prime factors of ((-39 - -34) + 1/(3 + 1))*-1748.
19, 23
Suppose -r = 2*h - 1484, h + 4*h = 5. Let t = -653 + r. What are the prime factors of t?
829
Suppose 7*p = 3*p + 500. Let o be (6 + -2)*1 - -270. Let w = o - p. List the prime factors of w.
149
Let q be (0 + -2)*(-45)/18. Suppose h + 2*h = -2*t - 7, 0 = 5*t - q. List the prime factors of 1/h - 2770/(-30).
2, 23
Let f = 174 - 673. Let k = f - -828. What are the prime factors of k?
7, 47
Let w = -8000 + 24013. What are the prime factors of w?
67, 239
Let s = 8450 - -980. List the prime factors of s.
2, 5, 23, 41
Let r(h) = -h**2 + 11*h - 4. Let q(b) = 3*b + 3. Let f be q(1). Let o(a) = -2*a**2 + 23*a - 8. Let l(i) = f*o(i) - 13*r(i). List the prime factors of l(9).
2, 5
Let v(k) = 59*k - 40 + 65*k - 146*k. List the prime factors of v(-8).
2, 17
Let b(f) = 9*f**2 + 5*f + 418 - 204 + f**3 - 204. Suppose -3*g - 11 - 7 = 0. What are the prime factors of b(g)?
2, 11
Let f be -5 - -1*(4 + 0). Let y = -1 + 67. Let i = f + y. List the prime factors of i.
5, 13
Let q(d) be the third derivative of -1/3*d**3 + 7/15*d**5 - 10*d**2 + 0*d - 1/6*d**4 + 0. List the prime factors of q(-3).
2, 131
Suppose v - 3*r - 53235 = 0, 8*v - 12*v + r = -213006. What are the prime factors of v?
3, 61, 97
Let f(u) = 39*u**2 - 5*u + 1. Let s be f(4). Suppose p - s = -5*z, -p = 4*p - 25. List the prime factors of ((-4)/(-6))/(5/z).
2
Suppose 3*g + o = 9261, 3*o - 5069 - 1112 = -2*g. Suppose -13*i - 837 = -g. List the prime factors of i.
173
Let n be (13/4)/(4/(-48)). Let k = 113 - n. List the prime factors of k.
2, 19
Let v(z) = -3*z**3 - 7*z**2 - 4*z - 15. Let w be v(-3). List the prime factors of 6*(14310/12)/w.
3, 53
Let a = 41 - 19. Suppose 3*q + 70 = 5*y, -3*q + 4*q - a = -y. Let l = y + 14. What are the prime factors of l?
31
Suppose 0 = -t - 5*k + 5446, 0 = -5*k + 211 - 236. List the prime factors of t.
5471
Let t(p) = -90*p**3 - 17*p + 179*p**3 - 37*p**2 - 90*p**3 + 28. What are the prime factors of t(-37)?
3, 73
Let m = -42 - -25. Let d be (58/7*-1)/(826/(-8673)). Let a = d + m. What are the prime factors of a?
2, 5, 7
Let m(c) = -2*c**2 - 121*c + 375. What are the prime factors of m(-59)?
2, 3, 23
Suppose i + 3465 = -5*y, 3*i - 11 = -5*y - 3466. Let z = y - -1122. List the prime factors of z.
2, 107
Let h(p) = 2*p - 24. Let l be h(14). Suppose 5*c - 681 = -2*t, c - l*t = -t + 126. Let x = -44 + c. What are the prime factors of x?
7, 13
Let f(i) = -i**3 + 3*i**2 + 10*i - 18. Let o be f(3). Suppose j = v + o, 4*j - 5 = 3*v + 48. List the prime factors of j.
17
Let g be (10336/(-95))/(2/15). Let r = 616 - g. List the prime factors of r.
2, 179
Suppose -3*g = -2*t + 16, -3*t + 21*g + 26 = 16*g. Suppose t*q - d - 1490 = 0, -4*q + q - 3*d = -2226. What are the prime factors of q?
2, 3, 31
Suppose -4*k + 38 = 3*t, -3*t - 5*k + 22 = -18. Suppose 17750 = -t*h + 35*h. What are the prime factors of h?
2, 5, 71
Suppose 0 = -g + 5, -5*q - g + 2*g = -20. Let a(m) = 3*m - 21*m + q*m. List the prime factors of a(-4).
2, 13
Suppose 6*f - 5*f - 1996 = 0. Let r = -1351 + f. Suppose 2*y - r = -5*z, -5*z + 4*y + 645 = 3*y. What are the prime factors of z?
3, 43
Let t(q) = -q**3 + 5*q**2 - 9*q - 4. Let h be t(4). Let o = h - -104. What are the prime factors of o?
2, 5
Suppose -6458*d + 681190 = -6424*d. List the prime factors of d.
5, 4007
Let p(t) = 127*t**2 + 298*t + 14. List the prime factors of p(-8).
2, 2879
What are the prime factors of (22 - 0)*(-4362)/8*610/(-183)?
5, 11, 727
Suppose -b + 36*q = 35*q - 18196, 0 = 3*q - q. List the prime factors of b.
2, 4549
Let o be 57/19 + (1 - (0 - 2)). Suppose 0 = -5*g + v + 6147, 5*v - 1219 = -o*g + 5*g. What are the prime factors of g?
1229
Let l be ((-46)/10 + 3)/((-20)/50). Suppose 5*w - 8*w - 1811 = -5*f, 0 = -f - l*w + 353. List the prime factors of f.
19
Let x be 6/(-9) + (-2)/(12/(-358)). Let n = x - 95. List the prime factors of n/18 + 0 + 130.
2
Let s = 443 - 953. Let n = s + 769. Let g = 481 - n. List the prime factors of g.
2, 3, 37
Let c(l) = l**3 - 5*l**2 + 5*l + 9. Let g be c(3). Suppose -2*n + 3*z = -3775, n - g*z - 2334 = -442. What are the prime factors of n?
2, 23, 41
Let w = -34 - -39. List the prime factors of ((-825)/(-5))/w - 0.
3, 11
Let r = -3258 - -8202. What are the prime factors of r?
2, 3, 103
Let l = -2011 - -5525. What are the prime factors of l?
2, 7, 251
Let n(a) = 13*a + 149. Let d be n(-11). Let o(x) be the first derivative of 5*x**2/2 + 3*x + 1. List the prime factors of o(d).
3, 11
Let l(n) be the first derivative of -3*n**4/4 - 4*n**3 - n**2/2 - 5*n - 29. Let g = -26 - -21. What are the prime factors of l(g)?
3, 5
Let m be 1448/24 - 1/3. Let x = -19 + m. Suppose 0 = -k + x + 15. What are the prime factors of k?
2, 7
Let m(p) = -4*p**3 + 95 + 3*p**3 + 12*p**2 - 90 - 16*p. What are the prime factors of m(8)?
7, 19
Let f = -720 - -1012. Let h = -340 + 491. Let y = f - h. List the prime factors of y.
3, 47
Suppose 5*j + 5 = 20. Suppose 4*k = -8, -4*u = 19*k - 21*k - 940. Suppose -j*h - 3*x - u = -705, -4*h = -3*x - 642. List the prime factors of h.
3, 53
Let s = -72 - -147. Suppose m + 2 = s. What are the prime factors of m?
73
Let k = 26380 - 14810. List the prime factors of k.
2, 5, 13, 89
Let x be 3/(-3 + 84/32). Let z be -3*(x/15)/((-2)/(-5)). Suppose -z = v, -4*d = -d + 2*v - 280. What are the prime factors of d?
2, 3
Suppose -d - 11*d = 2*d. Suppose d = -4*y + 78 + 46. Suppose -q + y = -81. What are the prime factors of q?
2, 7
Let i(a) = 3*a + 13. Let p be i(-7). Let v be -4 + (p/1)/(-1). Suppose -3*y + 0*y = -15, 3*y = v*q - 45. What are the prime factors of q?
3, 5
Let p(s) = -464*s + 559. List the prime factors of p(1).
5, 19
Suppose 0 = -3*s - 5 + 17. Let z = -660 - -662. Suppose -2*x + 0*t = -s*t - 228, -z*x - 4*t = -196. What are the prime factors of x?
2, 53
Let f(w) = -2*w**3 - 275*w**2 - 6*w - 717. What are the prime factors of f(-138)?
3, 5, 1277
Let m(k) = -k**3 + 76*k**2 - 49*k + 393. What are the prime factors of m(22)?
31, 821
Let x be 5*(3 - 2 - 0). Let h be 627/44 - 1/4. Suppose 0 = -x*f + 146 + h. What are the prime factors of f?
2
Suppose 45 = 11*d - 2*d. Let t(r) = -r**3 + 6*r**2 - 7*r + 6. Let q be t(d). What are the prime factors of (-6)/q + 15/6?
2
Let t(x) = -x**3 + 46*x**2 - 112*x - 111. What are the prime factors of t(29)?
2, 3, 1823
Suppose 17*w - 40801 = 14*w - 4*n, 3*n = -5*w + 67987. What are the prime factors of w?
5, 2719
Let k be (1 + (-2)/(-4))*76/(-3). Let z be k*(-4 + 1 - -1). Let i = z - 30. What are the prime factors of i?
2, 23
Let s = -43 + 45. Let d be (6 - 5)/(1/s + 0). Suppose 168 = d*i - 36. What are the prime factors of i?
2, 3, 17
List the prime factors of 1015 - ((-174)/(-45) - (-18)/135).
3, 337
Let k be (-1 - 2) + 1/((-2)/(-8)). Let n be (2 - 4/(0 - k)) + 1. Suppose 8*s - 63 = n*s. What are the prime factors of s?
3, 7
Let u(v) = -v**2 + 18*v - 4. Let w be u(17). Let j be -8*(-4)/(-8) - w. Let f = 13 - j. What are the prime factors of f?
2, 3, 5
Let n = 18 - 35. Let v = 14 + n. List the prime factors of (-384)/v - 3 - -2.
127
Let z(v) = -39 + 4*v + 9 - 13*v. Let k be z(-4). Suppose 781 = k*x - 407. What are the prime fa